is the remainder when z is divided by m?
22
What is the remainder when (-52016)/6*((1539/(-18))/19)/6 is divided by 7?
6
Suppose 3*l - d = 34 + 13, -5*l - 5*d + 65 = 0. What is the remainder when 42 is divided by l?
12
Let t(n) = -3*n + 19. Let l be t(-8). Let q = 49 - l. What is the remainder when 35 is divided by (q/5)/((-12)/(-30)) - -6?
8
Suppose 2*f + 4*j - 2584 = -0*j, 0 = -3*f + 5*j + 3909. Calculate the remainder when f is divided by 50.
48
Let q = -4356 + 4414. What is the remainder when 115 is divided by q?
57
Let w(l) = 8*l - 14 - 48 + l**2 - l. Calculate the remainder when 479 is divided by w(-13).
15
Let u = 1167 - 608. Let b = 575 - u. What is the remainder when 78 is divided by b?
14
Suppose -16 = -7*n + 5. Let q(a) = 11 + 65 - a**n + 43*a - 42*a. What is the remainder when q(0) is divided by 20?
16
Suppose 0 = -8*k + 17*k - 1233. Let l = k + 86. What is the remainder when l is divided by 57?
52
Let a be 3 - ((-772)/(-4) - -3). Let b = a - -74. What is the remainder when -1 - b/2 - 4/(-8) is divided by 15?
14
Let l(m) = -m**3 + m**2 + 2*m - 48. Let i be l(0). Let j = 8 + -38. Let b = j - i. What is the remainder when 53 is divided by b?
17
Let b be (-42 + 1)*(1 - 3 - -1). Suppose 0 = 4*o + 23 + b. Calculate the remainder when 6 is divided by o/(-88) + 84/22.
2
Let k(o) = 28*o - 61. Let f be k(-5). Let t = f + 305. What is the remainder when t is divided by 39?
26
Let q(r) = -r**2 + 7. Let g(t) = -t**2 - 36*t - 32. Let p(f) = g(f) + 2*q(f). Suppose -2*u - 3*u + 110 = 0. What is the remainder when p(-7) is divided by u?
21
Let b = -41 - -77. Calculate the remainder when 15 is divided by b/18 + (1 - 0).
0
Let i(d) = -42*d + 1. Let y be i(1). Let m = -36 - y. Suppose 90 = m*n + 15. Calculate the remainder when 72 is divided by n.
12
Let w = 1246 + -840. What is the remainder when w is divided by 40?
6
Let h be (-94*(-4)/(-16))/((-7)/14). Suppose h + 255 = 2*l. What is the remainder when l is divided by 34?
15
Let g(t) = -t**3 - 57*t**2 - 112*t - 105. Let o(h) = -h. Let a be o(-6). Suppose -a - 10 = -2*w. What is the remainder when w is divided by g(-55)?
3
Suppose 2*z = 39 + 7. Let d = z - 21. Suppose -41 = -d*i + 3*j, -i = i + 2*j - 36. Calculate the remainder when 92 is divided by i.
16
Suppose 11*r - 15*r = -12. Let z be (-5)/(8/(-4) + r). Let y(t) = 6*t + 36. Calculate the remainder when 29 is divided by y(z).
5
Suppose -2*w = -2*x + 14, 0 = -5*w + 4*w - 1. What is the remainder when ((-12)/(-42))/(x/4494) is divided by 44?
38
Let d(l) = l**3 - 10*l**2 + 23*l - 19. Suppose -w - w + 435 = a, 3*w = -2*a + 651. What is the remainder when w is divided by d(8)?
34
Let f = 13 + -6. Let q = f + 4. Calculate the remainder when q is divided by (-46)/10*-1 + (-8)/(-20).
1
Let q = -3568 - -3665. Calculate the remainder when 858 is divided by q.
82
Suppose 174 = -0*l + 2*l. Calculate the remainder when l is divided by (8 - 4)/(((-28)/56)/(11/(-2))).
43
Let c(y) = y**3 - 7*y**2 + 6*y + 8. Let q(j) = -4967*j + 19979. Calculate the remainder when q(4) is divided by c(7).
11
Let a = -5967 - -13769. Calculate the remainder when a is divided by 35.
32
Let d(l) = l**3 + 7*l**2 - 3*l + 5. Let w be d(-11). Let f be 73/(-146) + w/(-4)*1. Suppose 8*o = 297 + f. Calculate the remainder when 101 is divided by o.
50
Suppose 5*j - 6456 = -149*h + 147*h, -3*j = h - 3875. Calculate the remainder when j is divided by 115.
29
Let o = -37 + 73. What is the remainder when (-25)/(25/2)*(-12)/((-120)/(-1250)) is divided by o?
34
Let b = -186 - -193. Suppose -v = b*v - 80. Suppose 0 = 5*z - 10*z + 140. What is the remainder when z is divided by v?
8
Suppose 601*w - 607*w = -2340. Calculate the remainder when w is divided by 43.
3
Suppose m + 2 = 0, 2*m = z + z - 238. Suppose 7*i = 145*i - 255 - 1815. What is the remainder when z is divided by i?
12
What is the remainder when 37 is divided by (-2 + -6 + -4)/(-6 - (-4 + 1))?
1
Suppose -110*m + 239 = -536 - 875. Let o be ((-15)/(-6))/(2/4). Suppose -25 = -o*x - 4*k, -5*x + 2*k - 30 = -85. Calculate the remainder when m is divided by x.
6
Let f(i) = i**2 + 24*i - 126. Calculate the remainder when 621 is divided by f(10).
193
Let q = -414 + 435. What is the remainder when 88 is divided by ((-20)/(-28))/(20/24)*q?
16
Let u(y) = 2*y**2 - 53*y + 623. Calculate the remainder when 544 is divided by u(15).
266
What is the remainder when 593 + 16/40*-5 is divided by 586?
5
Let j(i) = -2*i**3 + 134*i**2 + 21*i - 178. What is the remainder when j(67) is divided by 77?
74
Let d = -4960 - -6200. Calculate the remainder when d is divided by 39.
31
Let x(f) = f**2 + 6*f - 2. Let g(v) = -26*v + 107. Let s be g(11). Let z = s + 237. What is the remainder when z is divided by x(-7)?
3
Let d(w) = -w**3 - 2*w**2 + 21*w - 14. Let i be d(-6). Suppose 0 = 4*s + 3*l - 415, -4*s - s + 480 = -i*l. Calculate the remainder when s is divided by 28.
16
Let l(p) = p**2 + 5*p. Let h be l(-5). Suppose 5*x + 3*w - 54 = h, -2*w + 15 + 9 = 2*x. What is the remainder when (0 - 3) + 31 + 2 is divided by x?
3
Let x be 3*(-30)/(-9)*105/14. Suppose -70*b = -x*b + 90. What is the remainder when b is divided by 5?
3
Let y = 928 - 948. Suppose 213 = 3*n - 4*i, 2*n + 2*i - 142 = 5*i. What is the remainder when n is divided by y/((-4)/((-80)/(-25)))?
7
Suppose -1662 + 462 = -117*m + 97*m. What is the remainder when 1558 is divided by m?
58
Let o(g) = -5*g**2 + 237*g - 127. What is the remainder when o(39) is divided by 24?
23
Let h(m) = m**3 + 78*m**2 - 597*m - 154. Calculate the remainder when 7629 is divided by h(-85).
13
Let h(z) = -306*z - 4882. Let o = 6 - 4. Suppose 2*d = v + o*v + 110, 2*d = v + 106. What is the remainder when d is divided by h(-16)?
10
Let k = -6 + 9. Suppose -2*m - 27 - 9 = -5*i, -k*m + 3*i = 54. Let l = 30 + m. What is the remainder when 94 is divided by l?
10
Suppose 6*b - 302 = 592. Suppose 31 = 2*i - 13. What is the remainder when b is divided by i?
17
Let y = -3572 - -3630. Calculate the remainder when 1136 is divided by y.
34
What is the remainder when 750 is divided by 6/(54/3)*3 + 46?
45
Calculate the remainder when 243 is divided by (3/(-9))/(-10 + 6779/678).
17
Let h = 72 - 62. Suppose h = 5*x - 40. Suppose -x*n + 15*n = 145. Calculate the remainder when 84 is divided by n.
26
What is the remainder when 4965 is divided by (-37)/((-1702)/(-207))*12/(-2)?
24
Calculate the remainder when 180 is divided by (10 - (-5 + 31)) + 190.
6
Let s(m) = -3*m - 17. Let h be s(-6). Calculate the remainder when 0 - (-48 + -5) - (h + 0) is divided by (-45)/(-10)*(2 + 2).
16
Suppose 0 = w - 3*w + 808. Suppose -196 = -4*x + w. Let n(s) = 3*s + 59. What is the remainder when x is divided by n(-14)?
14
Calculate the remainder when 1288 is divided by (-21)/154*-4 + (-56164)/(-44).
11
Suppose -4*c = 3*r - 2066, -4*c - 3390 = -r - 4*r. What is the remainder when r is divided by 20/(-250) - ((-7212)/150 + -9)?
55
Let s(l) = 15*l + 49. Let a be s(-3). Suppose f - 2*y - 14 = 0, -a*f - f + 106 = -y. Calculate the remainder when 78 is divided by f.
12
What is the remainder when 660 is divided by (-1771)/(-28) - 9 - 6/(-8)?
0
Calculate the remainder when 40/700 - (0 - 1748/35) is divided by 30.
20
Let r(f) = -f**3 + 22*f**2 - 21*f + 76. What is the remainder when r(12) is divided by 9?
4
Suppose -4*v - 5*d = -6294, 5*v + 19*d - 7917 = 21*d. Calculate the remainder when v is divided by 14.
13
Let i = 6968 + -2532. Calculate the remainder when i is divided by 60.
56
Let h = -38 + 43. Suppose -5*l - 5*n + 5 = -4*n, -5*n = h*l + 15. Calculate the remainder when 131 is divided by (l + 0)/(-1) + 24.
21
Calculate the remainder when -5*1456/390*(-69)/2 is divided by 17.
15
Suppose -2*o + 6*x - 2*x = -92, -4*o - 4*x = -148. Suppose -8*q - 44939 = 5557. What is the remainder when (-1)/(-5) - q/40 is divided by o?
38
Let m = -4606 + 2677. Let r = -1099 - m. Calculate the remainder when r is divided by 17.
14
Let g = -2549 + 4182. What is the remainder when g is divided by 15?
13
Let g(n) = -163*n + 1. Calculate the remainder when g(-1) is divided by 1*(-15 + 1)*228/(-133).
20
Suppose -y + 2*g - 5 = 9, 5*y = -5*g - 40. What is the remainder when (-8 - -11)*(2 - y) is divided by ((-18)/9 - -1)*-10?
6
Suppose 148*b = 59*b + 2937. What is the remainder when 421 is div